1 (base 7) in base 5?
-1
What is 6 (base 9) in base 5?
11
Convert -1 (base 10) to base 2.
-1
-33 (base 16) to base 13
-3c
What is 11 (base 6) in base 9?
7
Convert 10120 (base 4) to base 10.
280
Convert 12 (base 12) to base 16.
e
What is -5 (base 13) in base 5?
-10
What is -29 (base 15) in base 5?
-124
What is 63 (base 16) in base 10?
99
5 (base 6) to base 12
5
-13 (base 14) to base 16
-11
What is 39 (base 14) in base 7?
102
Convert 4 (base 12) to base 5.
4
What is -111 (base 2) in base 4?
-13
5 (base 9) to base 15
5
-406 (base 7) to base 3
-21111
Convert -1023 (base 4) to base 10.
-75
What is 5 (base 7) in base 2?
101
What is 1 (base 2) in base 5?
1
What is -47 (base 16) in base 8?
-107
What is 20 (base 3) in base 12?
6
2 (base 3) to base 15
2
Convert 202 (base 12) to base 7.
563
What is -1 (base 14) in base 7?
-1
Convert 4 (base 11) to base 12.
4
99 (base 16) to base 3
12200
Convert -a (base 14) to base 13.
-a
-12 (base 10) to base 7
-15
-10 (base 2) to base 5
-2
What is 221 (base 3) in base 6?
41
What is 6 (base 10) in base 11?
6
Convert -4 (base 13) to base 5.
-4
-5 (base 10) to base 15
-5
Convert 4 (base 12) to base 3.
11
What is 3 (base 10) in base 11?
3
Convert -4 (base 5) to base 11.
-4
What is 3 (base 16) in base 14?
3
What is a (base 14) in base 11?
a
16 (base 7) to base 5
23
What is -521 (base 8) in base 11?
-287
Convert 23 (base 7) to base 10.
17
What is -13 (base 6) in base 12?
-9
2 (base 16) to base 13
2
Convert -241 (base 7) to base 14.
-91
-31 (base 12) to base 7
-52
-2 (base 9) to base 13
-2
What is 13 (base 12) in base 16?
f
2 (base 4) to base 5
2
What is 0 (base 3) in base 16?
0
What is 1 (base 9) in base 3?
1
-111 (base 5) to base 11
-29
1b (base 12) to base 2
10111
1d (base 14) to base 10
27
Convert 650 (base 7) to base 4.
11021
What is 10 (base 7) in base 12?
7
Convert -111101 (base 2) to base 7.
-115
Convert -11 (base 7) to base 2.
-1000
-13 (base 8) to base 5
-21
What is 10010 (base 2) in base 10?
18
0 (base 5) to base 16
0
Convert 5 (base 16) to base 8.
5
-2 (base 16) to base 3
-2
-4 (base 10) to base 13
-4
What is -30 (base 9) in base 8?
-33
What is -3 (base 16) in base 10?
-3
-52 (base 13) to base 3
-2111
0 (base 4) to base 9
0
Convert -3 (base 8) to base 6.
-3
-7c (base 13) to base 8
-147
Convert 5 (base 8) to base 9.
5
Convert 22 (base 15) to base 6.
52
Convert -33 (base 12) to base 4.
-213
Convert 1111 (base 2) to base 16.
f
Convert -2 (base 7) to base 15.
-2
-344 (base 5) to base 9
-120
Convert 2d (base 15) to base 12.
37
What is -12 (base 5) in base 11?
-7
2 (base 15) to base 6
2
What is 250 (base 8) in base 13?
cc
Convert -73 (base 11) to base 14.
-5a
Convert -6 (base 15) to base 5.
-11
44 (base 16) to base 3
2112
What is -34 (base 5) in base 10?
-19
Convert -1001 (base 2) to base 15.
-9
Convert 1 (base 3) to base 7.
1
What is 14 (base 12) in base 6?
24
What is 40 (base 11) in base 7?
62
What is 0 (base 11) in base 9?
0
-110 (base 10) to base 14
-7c
-2 (base 6) to base 5
-2
Convert -125 (base 13) to base 14.
-104
What is -14 (base 5) in base 11?
-9
What is 1 (base 4) in base 15?
1
2b (base 12) to base 11
32
What is -11 (base 6) in base 3?
-21
2010 (base 3) to base 2
111001
What is 2 (base 14) in base 13?
2
What is 24 (base 6) in base 4?
100
15 (base 9) to base 16
e
What is -13 (base 15) in base 12?
-16
Convert -4 (base 15) to base 12.
-4
What is 7 (base 12) in base 15?
7
Convert 3 (base 13) to base 16.
3
Convert 4 (base 15) to base 7.
4
What is -6 (base 8) in base 2?
-110
What is 9 (base 12) in base 7?
12
What is 105 (base 9) in base 15?
5b
-13 (base 11) to base 7
-20
What is 4 (base 6) in base 16?
4
Convert -112 (base 3) to base 10.
-14
-6c (base 14) to base 6
-240
32 (base 9) to base 5
104
Convert 100 (base 6) to base 8.
44
What is 221 (base 5) in base 16?
3d
What is 33 (base 8) in base 2?
11011
-20 (base 14) to base 9
-31
-25 (base 14) to base 10
-33
Convert 27 (base 12) to base 16.
1f
1200 (base 3) to base 15
30
-1220 (base 3) to base 9
-56
9 (base 14) to base 10
9
-2 (base 10) to base 9
-2
What is 4 (base 8) in base 9?
4
What is 210 (base 3) in base 5?
41
Convert -12 (base 5) to base 16.
-7
Convert 203 (base 14) to base 13.
245
-30 (base 7) to base 6
-33
1 (base 10) to base 15
1
-1 (base 16) to base 2
-1
Convert -3 (base 13) to base 2.
-11
What is -3 (base 7) in base 4?
-3
Convert 0 (base 10) to base 12.
0
332 (base 5) to base 11
84
-131 (base 7) to base 8
-107
What is -1 (base 5) in base 14?
-1
Convert 2 (base 14) to base 5.
2
What is 42 (base 11) in base 9?
51
17 (base 12) to base 3
201
34 (base 13) to base 11
3a
What is 11 (base 2) in base 10?
3
What is -8 (base 12) in base 13?
-8
Convert -27 (base 9) to base 5.
-100
What is 2 (base 11) in base 4?
2
-2 (base 6) to base 14
-2
Convert -101000100 (base 2) to base 9.
-400
1 (base 5) to base 8
1
Convert 4 (base 12) to base 6.
4
Convert 1b (base 12) to base 10.
23
What is -6 (base 12) in base 3?
-20
Convert -40 (base 10) to base 2.
-101000
What is 4 (base 9) in base 14?
4
What is -20 (base 12) in base 9?
-26
What is 21 (base 11) in base 8?
27
-154 (base 14) to base 3
-101000
What is -7 (base 9) in base 8?
-7
What is -42 (base 14) in base 16?
-3a
Convert -5 (base 8) to base 9.
-5
1000 (base 3) to base 14
1d
2 (base 7) to base 2
10
Convert 25 (base 9) to base 12.
1b
Convert 19 (base 15) to base 8.
30
What is 12 (base 4) in base 12?
6
What is -2 (base 13) in base 2?
-10
47 (base 11) to base 9
56
40 (base 14) to base 5
211
1 (base 9) to base 14
1
What is -2a (base 13) in base 9?
-40
1 (base 16) to base 8
1
-1110010 (base 2) to base 6
-310
What is 211 (base 4) in base 12?
31
13 (base 5) to base 8
10
-248 (base 10) to base 13
-161
What is -4 (base 11) in base 8?
-4
7 (base 8) to base 4
13
What is -2 (base 9) in base 7?
-2
Convert -33 (base 14) to base 12.
-39
Convert -d (base 14) to base 11.
-12
Convert 1 (base 10) to base 8.
1
Convert 9 (base 13) to base 8.
11
Convert -124 (base 7) to base 13.
-52
11 (base 5) to base 11
6
What is 6 (base 9) in base 12?
6
1 (base 10) to base 16
1
Convert 11 (base 14) to base 6.
23
11 (base 10) to base 14
b
What is -1 (base 15) in base 3?
-1
-2 (base 16) to base 9
-2
What is 53 (base 16) in base 4?
1103
Convert 22 (base 7) to base 14.
12
What is -1010 (base 2) in base 15?
-a
What is -1d (base 14) in base 16?
-1b
-303 (base 6) to base 2
-1101111
-21 (base 15) to base 5
-111
What is 102 (base 5) in base 4?
123
Convert 27 (base 9) to base 13.
1c
-31 (base 7) to base 15
-17
Convert -124 (base 5) to base 16.
-27
-2 (base 7) to base 15
-2
-10101100 (base 2) to base 5
-1142
What is 286 (base 9) in base 14?
132
Convert -c (base 15) to base 12.
-10
1 (base 6) to base 3
1
-a (base 11) to base 6
-14
Convert 3 (base 15) to base 7.
3
What is 4 (base 12) in base 4?
10
What is -42 (base 5) in base 11?
-20
32 (base 4) to base 2
1110
What is -5 (base 9) in base 16?
-5
What is 1 (base 12) in base 7?
1
What is 1 (base 2) in base 9?
1
Convert -2 (base 16) to base 2.
-10
Convert 213 (base 8) to base 7.
256
12 (base 7) to base 13
9
What is -11 (base 2) in base 8?
-3
-73 (base 14) to base 13
-7a
What is -111010 (base 2) in base 6?
-134
-57 (base 14) to base 2
-1001101
Convert -10302 (base 4) to base 11.
-259
-1021 (base 7) to base 14
-1b8
What is -92 (base 15) in base 3?
-12002
What is 3 (base 13) in base 2?
11
What is -e (base 15) in base 5?
-24
Convert 3 (base 10) to base 16.
3
22 (base 16) to base 15
24
2 (base 9) to base 2
10
Convert 2 (base 10) to base 14.
2
Convert -4d (base 15) to base 10.
-73
What is 2 (base 13) in base 10?
2
Convert -3 (base 4) to base 3.
-10
What is -214 (base 5) in base 6?
-135
Convert 110000 (base 3) to base 2.
101000100
Convert 8 (base 11) to base 12.
8
What is -23 (base 16) in base 12?
-2b
-22 (base 9) to base 3
-202
Convert 341 (base 6) to base 5.
1013
What is 4 (base 5) in base 12?
4
What is 7 (base 14) in base 6?
11
What is 3 (base 14) in base 9?
3
What is -27 (base 15) in base 16?
-25
10 (base 4) to base 9
4
What is 20 (base 9) in base 8?
22
Convert 313 (base 7) to base 14.
b3
Convert -150 (base 12) to base 8.
-314
Convert -67 (base 11) to base 9.
-81
15 (base 15) to base 9
22
-16 (base 10) to base 9
-17
Convert -1b (base 15) to base 12.
-22
Convert 2 (base 13) to base 16.
2
101111 (base 2) to base 16
2f
-101 (base 3